1947360 is divided by 303.
282
Calculate the remainder when 2589266 is divided by 6408.
434
What is the remainder when 1024432 is divided by 5000?
4432
Calculate the remainder when 14987 is divided by 4225.
2312
What is the remainder when 3929937 is divided by 629?
574
What is the remainder when 4261650 is divided by 33?
30
Calculate the remainder when 116237 is divided by 1444.
717
What is the remainder when 95984626 is divided by 13?
10
What is the remainder when 54295 is divided by 234?
7
What is the remainder when 14319 is divided by 5700?
2919
What is the remainder when 294383 is divided by 85?
28
What is the remainder when 27981508 is divided by 38489?
5
Calculate the remainder when 301644 is divided by 75341.
280
What is the remainder when 348909 is divided by 2684?
2673
What is the remainder when 261429 is divided by 4603?
3661
Calculate the remainder when 2176666 is divided by 37525.
216
What is the remainder when 64752536 is divided by 44?
24
Calculate the remainder when 1118770 is divided by 38574.
124
Calculate the remainder when 8713321 is divided by 2178329.
5
What is the remainder when 112544 is divided by 38?
26
Calculate the remainder when 166563 is divided by 16656.
3
What is the remainder when 1666625 is divided by 830?
815
What is the remainder when 3954761 is divided by 9693?
17
Calculate the remainder when 5180437 is divided by 4828.
4821
Calculate the remainder when 163050 is divided by 1326.
1278
What is the remainder when 61310 is divided by 30466?
378
What is the remainder when 158735 is divided by 1382?
1187
What is the remainder when 14032 is divided by 1355?
482
What is the remainder when 53807 is divided by 45278?
8529
What is the remainder when 2926307 is divided by 14?
13
Calculate the remainder when 19514543 is divided by 2352.
2351
Calculate the remainder when 22121710 is divided by 1106085.
10
Calculate the remainder when 19512 is divided by 9700.
112
Calculate the remainder when 759968 is divided by 1905.
1778
What is the remainder when 1489745 is divided by 5283?
5222
Calculate the remainder when 2982818 is divided by 890.
428
What is the remainder when 268850 is divided by 1469?
23
Calculate the remainder when 6713988 is divided by 496.
132
Calculate the remainder when 2382879 is divided by 794291.
6
What is the remainder when 9041754 is divided by 16?
10
Calculate the remainder when 783462 is divided by 1459.
1438
Calculate the remainder when 96291 is divided by 175.
41
Calculate the remainder when 4181249 is divided by 3052.
9
Calculate the remainder when 3665189 is divided by 279.
245
What is the remainder when 130717 is divided by 65063?
591
Calculate the remainder when 3046953253 is divided by 9287.
9284
Calculate the remainder when 3442864 is divided by 1707.
1552
Calculate the remainder when 9287007 is divided by 1547831.
21
Calculate the remainder when 55253987 is divided by 81.
80
What is the remainder when 3005208 is divided by 983?
177
What is the remainder when 16118809 is divided by 1268?
1261
What is the remainder when 75911 is divided by 2657?
1515
What is the remainder when 2393927 is divided by 711?
701
What is the remainder when 595362 is divided by 249?
3
Calculate the remainder when 2736173 is divided by 684041.
9
Calculate the remainder when 1024230 is divided by 3484.
3418
What is the remainder when 1076625 is divided by 358874?
3
What is the remainder when 13181802 is divided by 37?
34
What is the remainder when 3793307 is divided by 307?
15
What is the remainder when 458778 is divided by 1365?
138
Calculate the remainder when 36317501 is divided by 27.
17
What is the remainder when 74423026 is divided by 6858?
10
Calculate the remainder when 3458769 is divided by 207.
6
Calculate the remainder when 24334929 is divided by 3319.
21
Calculate the remainder when 12246774 is divided by 5327.
1
Calculate the remainder when 425607 is divided by 8.
7
What is the remainder when 17142 is divided by 74?
48
What is the remainder when 3182912 is divided by 234?
44
What is the remainder when 17080 is divided by 639?
466
What is the remainder when 6433631 is divided by 459545?
1
Calculate the remainder when 1444544 is divided by 946.
2
Calculate the remainder when 914691 is divided by 16628.
151
What is the remainder when 24612843 is divided by 840?
3
Calculate the remainder when 415013 is divided by 5263.
4499
Calculate the remainder when 671180198 is divided by 2718.
2714
Calculate the remainder when 3100802 is divided by 506.
34
Calculate the remainder when 1302781 is divided by 823.
795
What is the remainder when 53386 is divided by 8212?
4114
What is the remainder when 6067 is divided by 289?
287
What is the remainder when 11055 is divided by 3864?
3327
Calculate the remainder when 908087 is divided by 21105.
572
Calculate the remainder when 274065034 is divided by 757.
754
What is the remainder when 109763631 is divided by 4876?
4871
What is the remainder when 17945049 is divided by 705?
684
What is the remainder when 16583447 is divided by 350?
97
What is the remainder when 1126664 is divided by 1126655?
9
What is the remainder when 254420 is divided by 2318?
1758
What is the remainder when 5409259 is divided by 889?
583
What is the remainder when 2135723 is divided by 533908?
91
Calculate the remainder when 57809840 is divided by 1605828.
32
Calculate the remainder when 296164 is divided by 866.
858
What is the remainder when 4447214 is divided by 2223602?
10
Calculate the remainder when 1380254 is divided by 18652.
6
Calculate the remainder when 36818375 is divided by 28.
27
Calculate the remainder when 10324633 is divided by 29.
24
What is the remainder when 502597 is divided by 5181?
40
Calculate the remainder when 16854271 is divided by 2809045.
1
Calculate the remainder when 731410 is divided by 22152.
394
Calculate the remainder when 387671 is divided by 287.
221
Calculate the remainder when 30847 is divided by 6781.
3723
Calculate the remainder when 31764 is divided by 31038.
726
What is the remainder when 1025565 is divided by 259?
184
What is the remainder when 106174271 is divided by 16?
15
What is the remainder when 40218 is divided by 2375?
2218
What is the remainder when 1220278 is divided by 2653?
2551
What is the remainder when 2015890 is divided by 671962?
4
What is the remainder when 488543229 is divided by 256?
253
Calculate the remainder when 12560640 is divided by 1794376.
8
What is the remainder when 50635 is divided by 50615?
20
What is the remainder when 180150 is divided by 2173?
1964
What is the remainder when 21730 is divided by 5224?
834
What is the remainder when 443727 is divided by 822?
669
Calculate the remainder when 217401 is divided by 507.
405
What is the remainder when 4560848 is divided by 1193?
9
What is the remainder when 93103 is divided by 773?
343
Calculate the remainder when 17613992 is divided by 17613906.
86
What is the remainder when 18181 is divided by 308?
9
What is the remainder when 53631380 is divided by 791?
789
What is the remainder when 1040581 is divided by 2243?
2072
What is the remainder when 1309347 is divided by 327333?
15
Calculate the remainder when 38013441 is divided by 84.
81
Calculate the remainder when 85469 is divided by 5019.
146
What is the remainder when 2762448 is divided by 31?
7
Calculate the remainder when 5582792 is divided by 505.
17
What is the remainder when 9280823 is divided by 6?
5
Calculate the remainder when 59160 is divided by 244.
112
Calculate the remainder when 61944743 is divided by 1868.
1863
Calculate the remainder when 192961 is divided by 1127.
244
What is the remainder when 341045 is divided by 265?
255
What is the remainder when 152535395 is divided by 3431?
3428
What is the remainder when 336871 is divided by 110991?
3898
Calculate the remainder when 2417902 is divided by 1545.
1522
Calculate the remainder when 15916616 is divided by 528.
56
Calculate the remainder when 56335824 is divided by 65.
64
Calculate the remainder when 250293 is divided by 215.
33
What is the remainder when 1926556 is divided by 372?
340
What is the remainder when 529232 is divided by 27854?
6
Calculate the remainder when 39399760 is divided by 1787.
1771
What is the remainder when 24406715 is divided by 469?
424
Ca